 units digit of o?
7
Suppose j - 846 = 2*q, 2*j + q = 548 + 1154. Let g = j + -601. What is the hundreds digit of g?
2
Let g(u) = 8*u**3 + 3*u**2 + 2*u + 1. What is the tens digit of g(6)?
4
What is the units digit of 955*-1*(-10 - (-188)/20)?
3
Let o(n) = 8*n - 26. Let y(h) = h**3 - 13*h**2 + 24*h - 5. Let j be y(11). What is the units digit of o(j)?
0
Let x(h) be the third derivative of 3*h**5/20 + 3*h**4/8 + 4*h**3 + 14*h**2. What is the hundreds digit of x(-5)?
2
Let p(t) = 3*t**3 - t + 0 - 3 + 5*t + 29*t**2 - 32*t**2. Let v be 10/55 - 60/(-33). What is the units digit of p(v)?
7
Suppose -4*z = 4*h - 40, -4*h + 7*h - z - 14 = 0. Suppose 1129 = h*g - 347. What is the tens digit of g?
4
Let c = -23 - -35. Suppose c - 2 = r. What is the tens digit of r?
1
Let w = -16 - -71. Let b = w - 8. What is the units digit of b?
7
Suppose 0 = -5*r + 2*c + 105, 0*r - 2*r + c = -41. Let a = 34 - r. What is the tens digit of a?
1
Let l(a) = 4 - 2 - 4*a + 23*a**2 - 21*a**2 + 0*a. What is the tens digit of l(4)?
1
Suppose 3*o - 5*z = -15, 0 = -o + 3*z - 7 - 2. Suppose -3*i + 267 - 13 = -2*s, 3*i - 4*s - 244 = o. Suppose -12*a = -8*a - i. What is the tens digit of a?
2
Suppose -3*j = -5*d + 2669 - 85, -4*d + 2*j + 2068 = 0. What is the tens digit of d?
1
Let p(m) = 2*m. Let z be p(0). Suppose z = -5*r + 2*r + 4*l - 209, 4*r = 5*l - 278. Let d = r + 123. What is the units digit of d?
6
What is the hundreds digit of 479 + 6 + -2 + -4?
4
Suppose 12*z + 1740 = 3*k + 15*z, -k - 4*z + 568 = 0. What is the tens digit of k?
8
Suppose -5*l + 113 = -7. Suppose -2*q = -192 + l. What is the tens digit of q?
8
Let z(q) = 3*q - 5*q**2 + 4*q**2 + 9*q - 2. Suppose 4*n - 42 = 2*u, 2*n - 2*u = -3*u + 19. What is the units digit of z(n)?
8
Suppose y = -4*y + 2150. What is the tens digit of y?
3
What is the units digit of (-7)/(63/(-18)) - -4242?
4
Let f(q) = 5*q**2 + 30*q + 159. What is the units digit of f(-7)?
4
Let y = 3 + 1. What is the units digit of (-74)/(y/8 - 1)?
8
Suppose 763 = 2*q + 231. Suppose -7*i - q = -9*i. What is the tens digit of i?
3
Let c = 9 + 3. Suppose -3*f + 2*v = 16, 2*v - c = 2*f - 0*v. Let i = f + 21. What is the units digit of i?
7
Let w(b) = 9*b + 29. Suppose -36 = -0*v - 3*v. What is the units digit of w(v)?
7
Let i be (-3 - -2)/(1/(-5)). Let m be (-4 - -2) + (10 - i). What is the units digit of (4 - 4) + (20 - m)?
7
What is the units digit of (54/4)/((-40464)/13504 + 3)?
8
Suppose -4*p - 38*l + 9346 = -35*l, -5*p + 5*l = -11700. What is the units digit of p?
8
Suppose -5319 = 42*k - 45*k. What is the tens digit of k?
7
Let c(u) = -u**3 + 11*u**2 - 8*u - 12. Let m be c(10). Let t(i) = 2*i**2 + 4*i + 23. What is the tens digit of t(m)?
8
Let t = -232 + 390. Let h = t - 88. What is the units digit of h?
0
Let i = -68 + 114. Let o = 65 - i. What is the tens digit of o?
1
What is the units digit of 315 - -5*((-15)/(-25) + 0)?
8
Let z(m) = 2*m**3 + 7*m**2 + 4*m - 14. Let p(c) = -7 + c + 4*c - 3*c + 3*c**2 + 0*c + c**3. Let b(x) = -7*p(x) + 4*z(x). What is the units digit of b(-6)?
7
Let m(b) = -8*b**3 - 16*b**2 + 4*b**3 + 3*b**3 - 16*b - 1 + 0. Suppose -o + 5*o + 57 = -3*t, 3*t - 2*o = -39. What is the tens digit of m(t)?
1
Let b = 5995 + -3029. What is the units digit of b?
6
Suppose -3*c - 5*w = -1862, -8*c + 9*c - 2*w = 639. What is the hundreds digit of c?
6
Suppose 4*h - 2*j - 682 = 0, -4*h - 2*j - 336 = -6*h. What is the tens digit of h?
7
Let v = 47 - 54. What is the units digit of 2367/21 - 2/v?
3
Let a = -67 + 70. Let p(t) be the third derivative of t**6/120 - t**5/60 + t**4/12 + t**3/2 - t**2. What is the units digit of p(a)?
7
Let s(v) = 113*v + 6. Let c be s(2). Suppose -14*z - 5*x = -12*z - 492, -z + c = -x. What is the tens digit of z?
3
Let s = 116 - 94. What is the tens digit of 1/(s/4) - (-14256)/121?
1
Let w = 38 - -5. Let b = w + 34. What is the units digit of b?
7
Let y be -3*((-6)/(-15) - (-92)/(-30)). Suppose 2*o + 540 = y*o. What is the tens digit of o?
9
Let t = -2919 + 6057. What is the units digit of t?
8
Let m be 16/(-12) + (-4)/6. What is the units digit of 47 + (-3)/(1 - m)?
6
Suppose -5*o + 0*b = b - 2131, -4*o = -3*b - 1720. What is the hundreds digit of o?
4
Suppose 2*z + 15 = 5*w + 7*z, z + 3 = 0. Let k be 12*(w/9 - 0). What is the tens digit of (77 + 1)/(k/4)?
3
Let h = 226 + -325. What is the hundreds digit of (-19283)/h + (-2)/(-9)?
1
Suppose -4*y + 2*s = 2 + 14, -4*y + 4*s - 20 = 0. Let i = 51 + y. What is the tens digit of i?
4
Let x = 32 - 29. Suppose 5*n + x = 98. What is the units digit of n?
9
Suppose -12 = 5*l + y, 18 = l - 6*l - 4*y. Let w be (44/12 + l)*-51. Let c = w - -122. What is the tens digit of c?
3
Let j(m) = m**3 - m + 94. Let h be j(0). Suppose -h = -2*q + 170. What is the tens digit of q?
3
Let v(f) = 42*f**2 + 7*f - 8. What is the hundreds digit of v(-6)?
4
Suppose i - 2*i = -4. Suppose 4*t = -3*d + 5*d + 38, -4*t + i*d = -36. What is the units digit of t?
0
Let a = 291 - 277. Let c(p) = p**3 + p**2 + p + 20. Let w be c(0). Suppose -5*g + f - 3*f + w = 0, a = -3*g + 4*f. What is the units digit of g?
2
Suppose 5*q - 8 = 2. Suppose 2*d - 13 = p - 3*d, -2*p + 3*d + q = 0. What is the units digit of p?
7
Let h(q) = 204*q + 23. What is the hundreds digit of h(1)?
2
Suppose 4*f + 4 = -3*z - 3, -4*z - 24 = -2*f. What is the hundreds digit of (-9 - -33)/(f - (-41)/(-22))?
1
Suppose 5*x + 0*x = -2*u + 17, 5*u + 7 = 4*x. Suppose 5*n - 929 = -4*r, -x*n = -4*r - 283 - 268. What is the tens digit of n?
8
What is the hundreds digit of (-1272)/(-9) - 1/3?
1
Let r = -8 - -9. Let c be (48 - (r + -3))/2. Suppose -3*f = -38 - c. What is the units digit of f?
1
What is the hundreds digit of (-20808)/(-22) - (10 - 1344/132)?
9
Let a(z) = z**2 - 6*z + 8. Let w be a(3). Let p(k) = -27*k**3 - k**2. What is the units digit of p(w)?
6
Suppose -18*s = -2*s - 1584. What is the tens digit of s?
9
Suppose -3*w + 5*w = 10. What is the tens digit of (-266)/(-2) + (20/5 - w)?
3
Suppose 6*n = 876 - 324. What is the units digit of n?
2
Suppose 2*d - f = 7*d - 2438, 0 = -4*d - 2*f + 1954. What is the hundreds digit of d?
4
Let l = -6 + 8. Suppose -t + 5*a + 5 = 0, t + t = l*a + 2. Suppose 2*p + 5*n - 50 = t, 3*p = -n + 60 + 41. What is the units digit of p?
5
Let u = 284 - 203. Suppose 0 - 4 = -v. Suppose v*g - u = -5*c, 2*g + 2*c = -2*c + 36. What is the units digit of g?
4
Let x = -49 + 84. Let c = 67 - x. What is the tens digit of c?
3
Let y(q) be the third derivative of 0*q + 0 + 1/3*q**4 + 12*q**2 - q**3. What is the tens digit of y(7)?
5
Suppose 2*v - 7*b + 11*b - 210 = 0, -b - 230 = -2*v. What is the hundreds digit of v?
1
Let g = -98 - -106. What is the units digit of (-278)/g*-4 - -1?
0
Let t(o) = 2*o**2 + 13*o - 3. Let m be t(-6). Let y = m - -17. What is the units digit of y?
8
What is the tens digit of 36/27 - (-346)/6?
5
Suppose -f - 4*u = -3*f + 8, 16 = 4*f - 4*u. Suppose 5*p = 4*p + f. Suppose -p*l = -29 - 23. What is the tens digit of l?
1
Suppose -24*p + 709 = -23*p - 4*h, -3 = h. What is the hundreds digit of p?
6
Let v(q) = -844*q - 6. Let j = 14 + -11. Let d be v(j). What is the units digit of (-1)/4 - d/72?
5
Let l = 314 - -93. What is the tens digit of l?
0
Let k(z) = -z + 10. Let i be k(7). Suppose -i*l - 2*b = -12 - 2, -5*b = -5*l + 15. What is the units digit of 5 - 8/l - 0?
3
Suppose h + 3*o = -0*o + 58, h - 43 = 2*o. Let n be (-14)/3*(-3780)/h. Suppose -4*t = t - n. What is the tens digit of t?
7
Suppose -4*r = 5*d + 109 - 14, 3*r = -3*d - 57. Let w = 26 - d. What is the units digit of w?
5
Let a(n) = 23 - 23 + 32 - 56*n**2 + 45 - 19*n + 20*n**3. Let g(s) = -7*s**3 + 19*s**2 + 6*s - 26. Let b(f) = 6*a(f) + 17*g(f). What is the tens digit of b(14)?
4
Let v = -58 - -58. Suppose 4*o + 3*o - 441 = v. What is the units digit of o?
3
Let s(n) be the second derivative of -n**4/6 + 7*n**3/6 - 2*n**2 + n. Let r be s(4). Let i(b) = b**2 + 6*b - 6. What is the tens digit of i(r)?
1
Suppose 5*c = -4 + 29. Suppose -11*d + 925 = 14*d. Suppose n - 32 = 3*k, n = k + d + c. What is the tens digit of n?
4
Let n(c) = 185*c - 99. What is the hundreds digit of n(4)?
6
What is the tens digit of 4/(-30) + 82692/540?
5
Suppose j + 980 = 2*j - 2*w, -1 = w. What is the hundreds digit of j?
9
Let c(g) = g**2 + g - 1. Let f be